ainder when 7*((7 - 3) + -3) is divided by c(21)?
1
What is the remainder when (2 - 468)/((15/(-30))/(6/24)) is divided by 106?
21
Let i(q) = -2*q + 107. Let s be i(0). Let o = 166 - s. Let l = 109 - o. What is the remainder when l is divided by 13?
11
Calculate the remainder when 484 is divided by 9702/252 - 14/(-4).
22
Let n = -293 + 535. Calculate the remainder when n is divided by 1/(-2 - -1)*(-24 + 23) + 34.
32
Suppose 8*b - 656 = -24. Let z = b - -63. Calculate the remainder when z is divided by 37.
31
Suppose -9 = -0*q - 3*q. Let y(k) = -k**3 - 2*k**2 - 3. Let w be 2*((-17)/6 + 32/24). Calculate the remainder when y(w) is divided by q.
0
Let t = -16 - -24. Suppose 0 = -t*x - 3 - 5. Let l(y) = -30*y**3 - y**2 + 1. Calculate the remainder when l(x) is divided by 11.
8
Suppose 11 = -4*d + 3, -95 = -5*x - 5*d. Suppose 0 = x*z - 16*z - 710. Calculate the remainder when z is divided by 5.
2
Let g = -1296 + 2014. Calculate the remainder when g is divided by 98.
32
Let y(j) = -4*j - 24. Let r be y(-5). Calculate the remainder when (-10)/(-5)*(r - -32) is divided by 20.
16
Suppose -19*r + 64 = 3*n - 21*r, 88 = 4*n - 4*r. Suppose -y + 5 = -2*y, 5*m + 5*y = 570. Calculate the remainder when m is divided by n.
19
Let p(d) = d + 41. Let c(o) = 4*o + 3*o - 3 + 5*o. Calculate the remainder when c(4) is divided by p(-29).
9
Let j = 18 - 1. Let o = -322 + 334. Suppose 116 = o*u + 56. Calculate the remainder when j is divided by u.
2
Let j(z) = 288*z + 11146. What is the remainder when j(-30) is divided by 141?
109
Suppose 0 = 38*i + 5*i - 3182. What is the remainder when 204 is divided by i?
56
Let c = 29 - 29. Suppose -s + c*v - 4*v + 5 = 0, s + 2*v = 3. What is the remainder when 99 is divided by -12 + 33 - 4/s?
14
Let k(p) = 0*p + p**3 - 166 + 163 - 2*p + 11*p**2. Calculate the remainder when 16/2*6 - -3 is divided by k(-11).
13
Let k = 8 - 2. Suppose k*d - 2*d = 160. Let v(p) = p**2 - 17*p - 99. Calculate the remainder when d is divided by v(-5).
7
Suppose -205*j + v = -210*j + 1204, 2*j + 3*v - 479 = 0. What is the remainder when j is divided by 13?
7
Let h = -4510 + 4571. What is the remainder when 242 is divided by h?
59
Let v = 9318 - 8919. What is the remainder when v is divided by 30?
9
Let r(j) = -9*j**3 - 7*j**2 - 2*j + 6. Let h(z) = 2*z**2 - 15*z - 37. What is the remainder when h(-8) is divided by r(-2)?
49
Let l(x) = -8 - 31*x - 23*x + 37*x - 18. What is the remainder when 146 is divided by l(-4)?
20
Suppose 299*w - 3391 = 14549. Calculate the remainder when 157 is divided by w.
37
Let j(o) = -75*o - 1399. What is the remainder when 1351 is divided by j(-19)?
25
Let j = -534 - -536. Suppose j*w = 3*i + 35, 3*w = i + 27 + 29. Calculate the remainder when 49 is divided by w.
11
What is the remainder when (-18)/90 - 13035/(-25)*1*8 is divided by 107?
105
Suppose -7*o + p = -25245, -20*o - 4*p = -18*o - 7200. What is the remainder when o is divided by 84?
78
Let n(w) = -4*w**2 + 22*w + 212. What is the remainder when 989 is divided by n(10)?
29
Suppose -84*f - 5*f = -209459 + 46055. What is the remainder when f is divided by 267?
234
Let y = -735 - -760. What is the remainder when 88 + (-20)/5*-1 is divided by y?
17
Let w = 174 - 70. Calculate the remainder when 422 is divided by w.
6
Let j(u) = -u**3 + 4*u**2 + 4*u + 1. Let f be j(5). Let g = f + 17. Let t(v) = -v**3 + 7*v**2 + 8*v - 11. Calculate the remainder when t(6) is divided by g.
8
Suppose 100*j - 232 = 168. Let z = 38 + -15. Suppose -j*l + 37 = -z. What is the remainder when l is divided by 6?
3
Suppose 5*w + 4902 = 21*w + 70*w. What is the remainder when 102 is divided by w?
45
Let u(t) = 16*t + 828. Calculate the remainder when u(15) is divided by 169.
54
What is the remainder when (-36)/16*2*((-127)/3 - -3) is divided by 28?
9
Suppose 10 = 5*h - 5. Let d be 3 + (-3 + 7)*(-78)/8. Calculate the remainder when d/(-30)*5/1 is divided by h.
0
Suppose 0 = 30*z + 562 - 24952. Calculate the remainder when z is divided by 103.
92
What is the remainder when 0 - 12/(-20) - 588024/(-360) is divided by 18?
14
Let q be (-196)/(4 + -8) + (4 - 1). Suppose -q = -8*m - 5*m. Suppose m + 0 = -2*g, 0 = v + g - 112. What is the remainder when v is divided by 23?
22
Let u = -3370 - -4590. What is the remainder when u is divided by 48?
20
Suppose 1523 - 1461 = 2*b. What is the remainder when 2283 is divided by b?
20
Suppose 3*d - 1837 = -2*k, d = -15*k + 18*k + 616. What is the remainder when d is divided by 160?
133
Suppose v + 5*g - 58 = 0, 5*v + 0*v - 406 = 4*g. Suppose -13*s + 16*s - v = 0. Calculate the remainder when 282 is divided by s.
22
Suppose -68 = -12*s + 14*s. Let x = s - -34. Suppose 5*j - 353 - 262 = x. Calculate the remainder when j is divided by 21.
18
Let n(h) = h**2 - 16*h - 7. Let u be n(17). Let p = 52 + u. What is the remainder when p is divided by 36?
26
Suppose 4*u + 44 = -4*t, -2*t - 3*t = 2*u + 43. Calculate the remainder when ((-44)/10)/(t/35) is divided by (4 - 0)/(8/16).
6
Let t(j) = 21 + 10 - 12 + 45*j - 2*j**2. What is the remainder when 594 is divided by t(20)?
118
Let u be 3*((-10)/3 - -4). Let b be (-304)/(-57)*3/u. Suppose -13*a = -b*a - 70. Calculate the remainder when a is divided by 4.
2
Suppose -483 = x + 4*s, 3*x + 1869 = -x + 5*s. Let o = x - -491. Calculate the remainder when o is divided by 13.
7
Calculate the remainder when 1206 + (-26)/91*56 is divided by 394.
8
Let m = 2231 + -2204. Calculate the remainder when 384 is divided by m.
6
Let l be (1*2/4)/((-6)/(-36)). Suppose -106 = -x + v, l*v = x - 0*v - 114. Calculate the remainder when x is divided by 26.
24
Suppose -203*f + 107*f - 224*f = -269120. Calculate the remainder when f is divided by 65.
61
Suppose 231*z - 1431 - 1597 = 1823. What is the remainder when 14698 is divided by z?
19
Let y(n) = -n + 110. What is the remainder when 150 is divided by y(82)?
10
Suppose -19*c + 16*c - 5*o = -23, 3*o = -3*c + 27. Calculate the remainder when 41 is divided by c.
8
Let u = 33 + -8. Suppose 0 = 5*c + u, 3*t - 1455 = c + 410. Suppose z - t = -z. What is the remainder when z is divided by 39?
37
Suppose 4*a - 3*o = a + 45, a + 4*o = 0. What is the remainder when 367 is divided by 1 - -40 - (a - 51/3)?
45
What is the remainder when (-16)/20 + (-927)/(-15) + -7 is divided by 45?
9
Suppose -17*f + 908 - 3068 = -77*f. Calculate the remainder when 602 is divided by f.
26
Suppose 332*z + 257 + 247 = 344*z. Calculate the remainder when 4199 is divided by z.
41
Let q = 95 + -2. What is the remainder when q is divided by (12/4 + 35)/2?
17
Suppose 0 = 3*p + 2*p - 10. Suppose 0 = p*v - 0*v - 116. What is the remainder when 29 is divided by 9/24 - v/(-16)?
1
Suppose -d - 172 = -5*b - 385, -b = -4*d + 890. What is the remainder when d is divided by 31?
6
Suppose 5 + 2 = d. Suppose 0 = -2*o - d + 1. What is the remainder when (510/(-18))/(1/o) is divided by 22?
19
Let h(a) = 17*a**2 + 5*a. Let t(x) = x**3 - 8*x**2 + 8*x - 9. Let g be t(7). Calculate the remainder when h(g) is divided by 22.
14
Let j(d) = d**2 + 13*d + 41. Let z be j(-13). Suppose 6*l - 3*l - 18 = 0. Let f = l + z. Calculate the remainder when f is divided by 12.
11
Let j = 1375473 + -1375365. Let u = -41 + 72. Calculate the remainder when j is divided by u.
15
Suppose 0 = 4*n + 2*p - 14458, -3*p + 7235 = -5*n + 7*n. Calculate the remainder when n is divided by 113.
110
Suppose -5*j = -2*w + 1055, 19*j - 20*j + 531 = w. Suppose -w + 146 = -4*n. Calculate the remainder when n is divided by 30.
6
Suppose -h - 5*v + v = -114, -4*v - 204 = -2*h. Calculate the remainder when h is divided by -18 - (-725 + 719)*(1 - -8).
34
Let a = -17932 - -21466. Calculate the remainder when a is divided by 16.
14
Let j(x) = x**3 - 126*x**2 + 261*x - 511. Calculate the remainder when j(124) is divided by 8.
5
Let u = 40 - 39. Let k(c) = 4*c**3 + c - 1. Let q be k(u). Suppose -o + 3*v + 6 + 6 = 0, 34 = 2*o + q*v. What is the remainder when 53 is divided by o?
8
Let o(w) = -61*w - 47. Calculate the remainder when 975 is divided by o(-2).
0
Suppose 75*h + 105 = 555. Let c = -19 + 32. What is the remainder when c is divided by h?
1
Calculate the remainder when 379 is divided by (5 - 5200/(-84)) + (-2)/(-21).
44
Suppose -4 - 33 = -5*t - f, -3*t + 4*f = -36. Let z = 2167 + -2156. Cal